{"id":41,"date":"2020-05-19T15:47:53","date_gmt":"2020-05-19T13:47:53","guid":{"rendered":"http:\/\/sklep.walkaomacierzynstwo.pl\/?page_id=41"},"modified":"2020-05-21T13:24:41","modified_gmt":"2020-05-21T11:24:41","slug":"dane-firmy","status":"publish","type":"page","link":"https:\/\/sklep.walkaomacierzynstwo.pl\/?page_id=41","title":{"rendered":"Dane firmy"},"content":{"rendered":"\n<p> <strong>Sting Communication Sp. z o.o.<\/strong><br> ul. Che\u0142mska 21 bud. 3 lok. 19 i lok. 20<br> 00-724 Warszawa<br> <br> tel.\/fax: 22\u00a0851 10 48<br> tel. kom. 605\u00a0911\u00a0005<br> e-mail: <a rel=\"noreferrer noopener\" target=\"_blank\" href=\"'+String.fromCharCode(98,105,117,114,111,64,115,116,105,110,103,46,112,108)+'?'\">biuro@sting.pl<\/a><br> <a href=\"http:\/\/www.sting.pl\/\">www.sting.pl<\/a><br> <br> <strong>STING Communication Sp. z o.o.<\/strong><br> zarejestrowana w S\u0105dzie Rejonowym dla Miasta Sto\u0142ecznego Warszawy<br> XIII Wydzia\u0142 Gospodarczy<br> pod numerem KRS 00215192<br> NIP 521-33-00-208  <\/p>\n","protected":false},"excerpt":{"rendered":"<p>Sting Communication Sp. z o.o. ul. Che\u0142mska 21 bud. 3 lok. 19 i lok. 20 00-724 Warszawa tel.\/fax: 22\u00a0851 10 48 tel. kom. 605\u00a0911\u00a0005 e-mail: biuro@sting.pl www.sting.pl STING Communication Sp. z o.o. zarejestrowana w S\u0105dzie Rejonowym dla Miasta Sto\u0142ecznego Warszawy XIII Wydzia\u0142 Gospodarczy pod numerem KRS 00215192 NIP 521-33-00-208<\/p>\n","protected":false},"author":4,"featured_media":0,"parent":0,"menu_order":0,"comment_status":"closed","ping_status":"closed","template":"","meta":{"spay_email":""},"_links":{"self":[{"href":"https:\/\/sklep.walkaomacierzynstwo.pl\/index.php?rest_route=\/wp\/v2\/pages\/41"}],"collection":[{"href":"https:\/\/sklep.walkaomacierzynstwo.pl\/index.php?rest_route=\/wp\/v2\/pages"}],"about":[{"href":"https:\/\/sklep.walkaomacierzynstwo.pl\/index.php?rest_route=\/wp\/v2\/types\/page"}],"author":[{"embeddable":true,"href":"https:\/\/sklep.walkaomacierzynstwo.pl\/index.php?rest_route=\/wp\/v2\/users\/4"}],"replies":[{"embeddable":true,"href":"https:\/\/sklep.walkaomacierzynstwo.pl\/index.php?rest_route=%2Fwp%2Fv2%2Fcomments&post=41"}],"version-history":[{"count":2,"href":"https:\/\/sklep.walkaomacierzynstwo.pl\/index.php?rest_route=\/wp\/v2\/pages\/41\/revisions"}],"predecessor-version":[{"id":55,"href":"https:\/\/sklep.walkaomacierzynstwo.pl\/index.php?rest_route=\/wp\/v2\/pages\/41\/revisions\/55"}],"wp:attachment":[{"href":"https:\/\/sklep.walkaomacierzynstwo.pl\/index.php?rest_route=%2Fwp%2Fv2%2Fmedia&parent=41"}],"curies":[{"name":"wp","href":"https:\/\/api.w.org\/{rel}","templated":true}]}}